of 9999 and 1474.
11
Calculate the greatest common factor of 95 and 624815.
95
Calculate the highest common divisor of 89879 and 1156.
289
What is the highest common factor of 124 and 7085732?
124
Calculate the highest common divisor of 28077 and 588.
147
Calculate the greatest common factor of 81 and 1277.
1
Calculate the greatest common factor of 2373 and 168.
21
Calculate the highest common divisor of 20470 and 1610.
230
Calculate the greatest common divisor of 962407 and 19.
19
What is the highest common factor of 120329 and 517?
11
Calculate the greatest common divisor of 529 and 5888.
23
What is the highest common divisor of 4386 and 4182?
102
Calculate the highest common divisor of 48545 and 95.
95
Calculate the greatest common factor of 70800 and 84.
12
What is the greatest common factor of 2344 and 392?
8
Calculate the greatest common factor of 90 and 31530.
30
Calculate the greatest common factor of 1200001 and 3245.
649
What is the highest common divisor of 240 and 245760?
240
What is the highest common factor of 905 and 11475?
5
Calculate the greatest common divisor of 145845 and 126.
63
What is the highest common divisor of 243 and 39609?
243
Calculate the greatest common divisor of 119 and 11221.
7
Calculate the highest common divisor of 7360 and 9888.
32
Calculate the greatest common factor of 65450 and 86870.
1190
Calculate the highest common divisor of 24598 and 833.
49
Calculate the greatest common divisor of 144 and 5994.
18
Calculate the greatest common factor of 5605 and 60475.
295
What is the greatest common factor of 673170 and 570?
570
What is the greatest common divisor of 934825 and 183?
61
Calculate the highest common divisor of 11926680 and 30.
30
Calculate the greatest common divisor of 440 and 525440.
40
Calculate the greatest common divisor of 228 and 38874.
114
Calculate the greatest common factor of 533506 and 244.
122
Calculate the highest common factor of 1952 and 2450248.
488
Calculate the greatest common factor of 12643 and 1883.
269
What is the highest common divisor of 78833 and 31?
31
What is the greatest common factor of 832 and 5184?
64
Calculate the greatest common factor of 44163 and 45.
9
Calculate the highest common factor of 1341 and 81503.
149
Calculate the highest common divisor of 783876 and 384.
12
What is the greatest common factor of 4042 and 26574?
86
What is the greatest common factor of 80 and 10680?
40
Calculate the greatest common factor of 184060 and 20.
20
Calculate the highest common divisor of 170 and 30620.
10
Calculate the highest common factor of 7389 and 210176.
821
Calculate the greatest common factor of 126 and 9978.
6
Calculate the highest common factor of 800 and 14000.
400
What is the highest common divisor of 4247950 and 175?
175
What is the highest common factor of 192 and 71124?
12
Calculate the highest common divisor of 75588 and 132.
12
Calculate the greatest common factor of 79414 and 472.
118
What is the highest common divisor of 3040 and 720?
80
Calculate the greatest common factor of 3356085 and 555.
555
What is the highest common divisor of 7922 and 932?
466
What is the greatest common divisor of 3239 and 32349?
41
What is the greatest common divisor of 1809 and 4131?
27
What is the highest common factor of 405284 and 4697?
671
What is the greatest common divisor of 2674340 and 20?
20
What is the greatest common factor of 1139560 and 31?
31
What is the greatest common factor of 351 and 42393?
39
What is the highest common divisor of 375 and 176175?
75
Calculate the greatest common divisor of 169 and 1638.
13
What is the greatest common factor of 29650 and 21941?
593
Calculate the highest common divisor of 25506 and 234.
234
Calculate the highest common divisor of 290 and 15196.
58
Calculate the greatest common factor of 1668 and 5088.
12
What is the greatest common factor of 232 and 5392?
8
Calculate the greatest common divisor of 795 and 10935.
15
Calculate the greatest common divisor of 275 and 218825.
25
Calculate the greatest common divisor of 10 and 465995.
5
Calculate the highest common factor of 17901 and 442.
221
What is the greatest common divisor of 31 and 571454?
31
What is the highest common factor of 60 and 2025?
15
What is the highest common divisor of 1349 and 13348?
71
Calculate the highest common factor of 24 and 696.
24
Calculate the greatest common divisor of 64959 and 649.
59
Calculate the highest common divisor of 342 and 715046.
38
Calculate the greatest common divisor of 425475 and 1240.
155
Calculate the greatest common divisor of 32030 and 40.
10
Calculate the greatest common divisor of 140 and 63200.
20
What is the highest common divisor of 214 and 88703?
107
What is the highest common divisor of 50036 and 84?
28
What is the greatest common factor of 296253 and 36?
9
Calculate the greatest common divisor of 3840 and 151808.
256
Calculate the highest common factor of 820 and 78146.
82
What is the greatest common divisor of 132 and 878636?
44
What is the highest common factor of 629 and 7881?
37
Calculate the highest common factor of 46480 and 434.
14
What is the highest common divisor of 90116 and 1040?
52
Calculate the highest common factor of 26 and 92094.
2
Calculate the greatest common divisor of 39 and 21853.
13
What is the greatest common factor of 570 and 68115?
285
What is the greatest common factor of 4785 and 2761?
11
What is the greatest common factor of 1316 and 7504?
28
Calculate the highest common divisor of 189 and 2116044.
189
Calculate the greatest common factor of 52 and 1010906.
26
What is the highest common factor of 777 and 15022?
259
What is the highest common divisor of 50 and 395225?
25
What is the highest common divisor of 3074 and 154018?
106
Calculate the highest common factor of 2106909 and 371.
371
What is the highest common divisor of 3362020 and 485?
485
What is the greatest common divisor of 9 and 129636?
9
Calculate the highest common divisor of 295 and 214465.
295
What is the greatest common divisor of 315 and 2170?
35
What is the highest common factor of 72 and 1198800?
72
Calculate the greatest common factor of 344885 and 230.
115
What is the greatest common factor of 435 and 2017965?
435
What is the greatest common factor of 85769 and 796?
199
Calculate the highest common factor of 1471992 and 24.
24
Calculate the highest common factor of 36 and 241224.
12
What is the greatest common divisor of 16802 and 2168?
542
What is the greatest common divisor of 1014 and 4017?
39
Calculate the greatest common divisor of 451 and 20966.
11
Calculate the greatest common divisor of 88 and 15026.
22
What is the highest common divisor of 87 and 4654674?
87
What is the highest common divisor of 929816 and 40?
8
Calculate the highest common factor of 362 and 154031.
181
What is the greatest common divisor of 388710 and 12?
6
Calculate the greatest common divisor of 17947 and 655.
131
Calculate the highest common factor of 42 and 894.
6
Calculate the highest common divisor of 495204 and 522.
174
What is the highest common divisor of 91060 and 5220?
580
What is the greatest common divisor of 125 and 485?
5
What is the highest common factor of 1299044 and 164?
164
What is the greatest common factor of 2289084 and 42?
42
What is the greatest common factor of 357 and 18627?
21
What is the highest common divisor of 16 and 59836?
4
What is the highest common factor of 872040 and 10?
10
What is the highest common divisor of 6540 and 48?
12
What is the greatest common divisor of 49456 and 55?
11
Calculate the greatest common factor of 63 and 1756629.
63
Calculate the greatest common factor of 7938 and 28.
14
Calculate the greatest common factor of 6510130 and 330.
110
What is the greatest common divisor of 129333 and 152?
19
Calculate the greatest common factor of 8370 and 1431.
27
Calculate the highest common factor of 432 and 94416.
48
What is the highest common factor of 81 and 20376?
9
Calculate the highest common divisor of 2000 and 1625.
125
Calculate the greatest common factor of 13 and 9217.
13
What is the highest common factor of 33 and 199430?
11
Calculate the greatest common divisor of 159332 and 488.
244
What is the highest common factor of 78 and 7618?
26
What is the greatest common factor of 1543822 and 42?
14
